). Calculate the greatest common factor of 110 and v.
11
Let x be 3 + 74 + (-4)/4*(1 + 1). Calculate the greatest common factor of x and 10425.
75
Let o be -1*-4*2/4. Suppose o*n = -0*n - 46. Let m = -22 - n. Calculate the highest common divisor of m and 7.
1
Let r(n) = 12*n**3 + 2*n**2 - 16*n + 16. Let c be r(6). What is the greatest common divisor of 680 and c?
136
Let u(i) = 2*i**2 - 33*i + 648. Let j be u(21). What is the highest common divisor of j and 775?
31
Let h be (-4)/(-9)*5751/1278. Let t be 2/(-1)*(-12)/(-8). Let w be (-2)/t + (-46)/(-3). What is the greatest common factor of h and w?
2
Let j be ((-4)/6)/(8/(-12)) - -21. Let p be 2352/108 + (2 - (-32)/(-18)). What is the greatest common divisor of p and j?
22
Let n = 6457 + -6456. Calculate the highest common divisor of 256 and n.
1
Suppose -4*c - 5*t = 3, -3*c - 2*c = 2*t - 9. Suppose -9*q + c = -24. Let m(i) = 3*i**2 + 4*i + 3. Let l be m(q). What is the highest common divisor of l and 6?
6
Suppose 3*w - 203 = -5*u, -4*u - 3*w + w + 164 = 0. Calculate the greatest common divisor of 6 and u.
1
Suppose -2*n + 3*z = n - 651, -z - 641 = -3*n. Calculate the highest common divisor of n and 2279.
53
Let b be 2/(-7) + 74/14. Let q = -499 - -484. Let h be ((-13248)/(-40))/6 + 3/q. What is the greatest common divisor of h and b?
5
Suppose -17*q = -2 - 32. Suppose -13 = -q*y + 21. What is the greatest common divisor of 153 and y?
17
Let a(y) = 4*y**3 - 2*y**2 - 35*y + 117. Let b be a(3). Suppose 10*w + 10 = 15*w. Calculate the highest common factor of b and w.
2
Suppose -33 = -16*p - 11 + 10. What is the highest common factor of p and 1064?
2
Suppose -4*r = -4*h + 23208, 110*h - 2*r + 11636 = 112*h. Calculate the highest common factor of h and 70.
70
Let j = 32 + -30. Let n be ((-7)/((-147)/24))/(j/7). Suppose s + n*w = 27, 5*w = 4*s - 5*s + 31. What is the greatest common divisor of 33 and s?
11
Let p(o) = -29*o + 2288. Let b be p(0). Calculate the highest common factor of b and 13.
13
Let c be 1/4*-1 - 294/(-56). Suppose -13*w + 73 + c = 0. What is the greatest common divisor of 102 and w?
6
Let m be 7*(3/9 - (-56)/3). Suppose -3*n + 3409 - m = 0. Calculate the highest common divisor of 84 and n.
84
Let x(v) = 2*v + 30. Suppose -26 = 3*t + 16. Let m be x(t). Let q be (-28)/(-10) + (m/5)/2. What is the greatest common divisor of 30 and q?
3
Let d = -3124 - -3159. Calculate the greatest common divisor of 455 and d.
35
Suppose 30*f = -39*f + 4485. Calculate the greatest common factor of f and 35.
5
Let f(i) = 6*i**2 - 23*i + 46. Let y be f(2). What is the highest common divisor of 276 and y?
12
Suppose 5*r - 45 = 10*r, -5*c - 6*r + 786 = 0. Calculate the highest common divisor of 1407 and c.
21
Let y = 492 + -463. Let d(n) = n + 12. Let p be d(-10). Let f(z) = 130*z + 1. Let c be f(p). Calculate the highest common factor of c and y.
29
Suppose 16*t + 57 = 553. Let y be t/(-93)*(-72)/2. Calculate the greatest common divisor of y and 162.
6
Let r be (-190)/(-4) - 2/(-4). Suppose 145 = -3*s - 2*y + 11, 2*s + 5*y = -104. Let n = s + 48. Calculate the greatest common divisor of r and n.
6
Suppose 6*l + 3528 = 3*g, 23*l = -2*g + 20*l + 2324. What is the greatest common factor of g and 365?
73
Let m(v) = v + 10. Let b be m(-7). Let f be 1 - 5 - 2*(-13)/2. Let t be ((-3)/(-4))/(f/36)*3. Calculate the greatest common divisor of b and t.
3
Let h = 89 + -64. Let n(l) = -l**2 + 23. Let j be n(0). Suppose -2*d = -2*b - 8, -2*b = -5*d - 0*b + j. What is the greatest common factor of d and h?
5
Let h be (-18)/(2/(-4) - 0). Let l = 218 + -194. Let b = h - l. What is the highest common factor of 132 and b?
12
Suppose 2*d - 26 = 6. Let u be (-11 - (0 + -3)) + 19 + 53. What is the greatest common divisor of u and d?
16
Suppose -126 + 325 = 28*p - 781. What is the highest common divisor of 295 and p?
5
Let a = -190 + 197. Let c(b) = b**2 + 18*b + 17. Let k be c(a). What is the greatest common divisor of k and 6?
6
Suppose 2121*q = 2057*q + 320. Calculate the highest common factor of 355 and q.
5
Suppose 82*t - 4872 = -38*t + 33*t. Calculate the greatest common divisor of 24 and t.
8
Suppose -b - 4*q = 129 + 48, -4*b - 4*q = 672. Let v = b - -79. Let o be 2 - 1 - (v - 1). Calculate the highest common factor of o and 11.
11
Suppose -26*b - 3153 = -6325. Calculate the highest common factor of b and 5917.
61
Suppose -u = 11*s - 6*s - 92, -3*u + 236 = 5*s. Let n be (u/(-16))/((-3)/12). What is the greatest common factor of n and 558?
18
Suppose -4*o = -5*n + 5658, 3*n + 206 = -5*o + 3586. What is the greatest common divisor of 20 and n?
10
Let g be 6 + 17/((-102)/24). Suppose 3*i + 12 = 0, 2*k = 2*i - 4*i. Let u be (k/5)/(6/15). Calculate the highest common factor of g and u.
2
Let f be 5 + (-38)/8 + 366/8. Let r = 54 - f. Suppose -2*z + 3*s = -r, 4*s = -s. What is the greatest common divisor of 18 and z?
2
Let q be (-205)/(-4)*24/5. Let z = q - 133. What is the highest common divisor of z and 791?
113
Let g be 205/((309 - 318) + (10 - 0)). Let w be (20/(-6) - 0)*-3. Calculate the greatest common divisor of g and w.
5
Suppose -2*l - d = -9816, 0 = 44*l - 48*l - d + 19626. What is the highest common factor of 30 and l?
15
Suppose 25*p - 32200 = 15*p. Suppose -5*g = -p - 655. Calculate the highest common factor of g and 31.
31
Let k = 56 - 56. Suppose -8*y + 11*y - 51 = k. Suppose 3*x + y - 92 = 0. Calculate the greatest common factor of 25 and x.
25
Let i(m) = 3*m**2 - 51*m + 198. Let t be i(4). What is the highest common divisor of 623 and t?
7
Let a(r) = r**2 + 99*r - 2340. Let o be a(20). Let i be (-2*7)/((-2)/20). What is the greatest common divisor of i and o?
20
Suppose 5*y = 4*i - 0 + 4, 2 = 2*y - 2*i. Suppose y = 2*g - 0*h - 2*h - 48, -5*g = -h - 104. What is the greatest common divisor of 8 and g?
4
Suppose 24*u = -v + 20*u + 191, -5*v + 987 = 4*u. Calculate the greatest common factor of v and 30845.
199
Let w(q) = -9*q - 2. Let i be w(-4). Suppose r - 122 = -b, 3*r - 7*r + b + 473 = 0. Calculate the highest common divisor of r and i.
17
Let f(s) = 13*s - 121. Let x be f(17). Suppose -430 = -0*k - 4*k + b, x = k - 4*b. Calculate the highest common divisor of 27 and k.
27
Suppose -419*u = -422*u + 526 - 58. What is the highest common factor of 1443 and u?
39
Suppose 96 = 2*i + 4*l, 4*i = 164*l - 161*l + 192. Suppose a + 35 = -4*a. Let w be (8/6)/(a/(-378)). What is the highest common divisor of i and w?
24
Suppose -9*w = -8*w - 4. Let f = -2 - -2. Suppose f = -w*b + 14 + 38. What is the greatest common factor of b and 65?
13
Suppose 0 = 4406*n - 4443*n + 618714. Calculate the greatest common divisor of 18 and n.
18
Suppose -177*y - 145*y + 4038 = 351*y. Suppose -j + 5*r - 9 = -303, -2*r = 0. What is the greatest common divisor of j and y?
6
Let o(s) = 23*s**2 - 741*s + 13. Let q be o(39). What is the highest common divisor of q and 182?
91
Suppose 3*s = 2*g + 22, 16*s - 12*s + 3*g - 52 = 0. What is the highest common factor of s and 50?
10
Suppose 0 = -3*w + 5*l + 272, -2*l + 412 = 131*w - 126*w. Suppose 2*r = 37 + 31. Let k be (13 - r)/(2/(-20)). What is the highest common factor of w and k?
42
Suppose 145 - 55 = 10*n. Let f(b) = 9*b**2 - 18*b + 38. Let v be f(n). Calculate the greatest common divisor of 55 and v.
55
Let v be (1485/18 - 10)/(2/8). Calculate the highest common factor of 260 and v.
10
Let y = -438 + 213. Let c be (32/(-6))/(10/y). Calculate the highest common divisor of c and 72.
24
Suppose -24*k + 546 = -10*k. Let j = 273 - k. What is the greatest common factor of 26 and j?
26
Let s(b) = -7*b - 9. Let q be s(-7). Let j = -14549 + 14689. What is the greatest common divisor of j and q?
20
Suppose 3*n = 172*n + 44*n - 40470. What is the greatest common factor of n and 1273?
19
Let y = 156 + -337. Let z = y + 301. Calculate the highest common divisor of 8 and z.
8
Suppose 6 = -3*w - 0. Let n be w + 12/3 - -2. Suppose 0 = 3*o - 4*l - 70, n*l + 0*l + 52 = 2*o. What is the greatest common divisor of o and 9?
9
Suppose 597 = 3*v - 3*r, -5*r + 190 = v - 3*r. Suppose 0 = -4*z - 19 + 107. Let l = z + 6. Calculate the highest common divisor of v and l.
28
Let k = -19 + 19. Suppose k*n - n = -15. Suppose -3*o = n, b - 3*o = -b + 25. What is the highest common divisor of 2 and b?
1
Let b = 654 - -259